7. Let s be a(6). Suppose 99 = -s*k + 8*k. What is the highest common divisor of 11 and k?
11
Let s = 14 - 2. Suppose 2 = v - 2. Calculate the greatest common factor of s and v.
4
Let t = 14 + 8. What is the greatest common factor of 110 and t?
22
Suppose -14 + 42 = i. Suppose 0 = z - 5*z - i. Let p be (18/21)/((-1)/z). Calculate the highest common divisor of 54 and p.
6
Let y(p) = p**3 + 5*p**2 - 3*p + 2. Let a be y(-4). Suppose 30 = 6*v - v. What is the highest common factor of v and a?
6
Let w(z) = z**3 + 7*z**2 + 7*z + 10. Let x be w(-6). What is the highest common divisor of 36 and x?
4
Suppose -5*i + 12 = t - 13, 4*t - 10 = -5*i. What is the greatest common divisor of 24 and i?
6
Suppose 18*o - 21*o + 45 = 0. What is the highest common divisor of 45 and o?
15
Let k = 33 + 3. Calculate the highest common factor of k and 9.
9
Let o be 10/10 + 1 + 12. What is the greatest common factor of o and 42?
14
Let m = 33 + -16. Let k be 69 + (-1)/((-1)/(-1)). What is the greatest common factor of k and m?
17
Let w(i) = i**2 + 7*i + 2. Let l be w(-7). Suppose 3*g = -4*t + 42, 5*t = g + t + l. Calculate the highest common factor of 5 and g.
5
Let l be 25/3 - 4/(-6). Suppose v = -0*v. Suppose -5*b + g + 490 = v, b + 2*g = -3*b + 406. What is the greatest common factor of l and b?
9
Let c(d) be the first derivative of 7/2*d**2 + 8*d - 3 - 1/3*d**3. Let b be c(6). Calculate the greatest common factor of b and 14.
14
Let t(d) = 68*d + 1. Let n be t(1). Suppose -3*q - 2*l + 55 = -n, 3*l - 46 = -q. Calculate the highest common factor of q and 20.
20
Let p(b) = -b**2 + 16*b - 7. Let c be p(11). Calculate the highest common factor of 120 and c.
24
Let c be 29 + (5 - 2)/(-3). Calculate the highest common divisor of 252 and c.
28
Suppose -4*o = -7*o. Suppose -4*a + 5*k + 27 = o, -5*a + 18 = -2*k + k. Let i be 6/a - 0 - -4. Calculate the greatest common factor of i and 9.
3
Suppose -8*g + 4*g = -96. What is the greatest common divisor of g and 24?
24
Let n(k) = k**3 - k. Let d(m) = m + 10. Let s be d(-8). Let u be n(s). What is the highest common divisor of 3 and u?
3
Suppose -424 = -m + 4*d, -840 = 2*m - 4*m + 4*d. Calculate the highest common factor of m and 32.
32
Suppose -2*m + 4*m - 80 = 0. Suppose 2*p - 5*x = 45, -3*p = -4*x - 5 - 45. Calculate the greatest common divisor of m and p.
10
Let z(f) = -3*f - 2. Let d(w) = w**2 + w + 1. Let p be d(-3). Suppose -15 = p*i - 2*i. Let a be z(i). What is the greatest common divisor of a and 28?
7
Suppose 3*w - 5*u = -u + 14, 5*w - 14 = 2*u. Suppose r + 20 = -4*y, y - w*y = -4*r + 5. Let m = y + 11. What is the greatest common divisor of m and 42?
6
Let r be 2 - (-2 + -2 + 6). Suppose 0*m + m - 14 = r. Let n(w) = 2*w**3 - w**2 - 4*w + 3. Let t be n(2). Calculate the greatest common factor of t and m.
7
Suppose 0 = -3*z + 6*z - 102. Let h = 5 - 2. Suppose -z = h*s - 5*s. What is the greatest common divisor of 68 and s?
17
Suppose -2*n = 3*r - 116, r - 4*r = 3*n - 111. What is the greatest common divisor of 21 and r?
21
Let t(b) = -b - 2. Let m be t(-5). Suppose -4*d - 87 = -3*p + d, 0 = -4*p - m*d + 87. What is the highest common divisor of 8 and p?
8
Let u be 3 + 3*((-4)/6)/(-1). Let g(m) = -m + 2. Let k be g(2). Suppose u*y - 374 - 276 = k. Calculate the highest common factor of y and 13.
13
Suppose 4*a + 12 = 0, 3*w - 3*a = -6*a + 21. Suppose 2*m + w = 3*m. What is the highest common divisor of 80 and m?
10
Let a = 33 - -77. Let t be ((-36)/10)/((-33)/a). Let m = 219 + -123. Calculate the greatest common divisor of t and m.
12
Suppose 0*y - 2*k + 59 = 5*y, -43 = -4*y - 3*k. Suppose -2*x = -4*x + 208. What is the greatest common divisor of x and y?
13
Suppose 12 = -3*x, 10 = 2*n + 5*x + 52. Let t = n - -27. Calculate the greatest common divisor of 2 and t.
2
Let g be (-3)/(-6)*(0 + 0). Suppose 4*z - 67 - 37 = g. What is the greatest common factor of z and 13?
13
Let w = -27 + 105. Calculate the highest common divisor of w and 39.
39
Suppose 2*a - 19 = -13. Suppose 0 = -a*b + 2*b + 6. Calculate the greatest common divisor of 3 and b.
3
Let g(r) = -r**3 - 10*r**2 - 8*r + 11. Let p be g(-9). Suppose -21 = -4*m - 2*b + 3, p*m - 18 = 2*b. What is the greatest common factor of m and 14?
7
Let i be 8/(-14) + -2878*4/(-56). Calculate the highest common factor of i and 82.
41
Let s(a) = -3*a + 3. Let x be s(-7). What is the greatest common factor of 60 and x?
12
Let b = -155 - -83. Let r be 1/((5/b)/(-5)). What is the greatest common divisor of r and 9?
9
Suppose -4*i = -3*j + 42, i - 70 = -5*j - i. Calculate the greatest common divisor of 2 and j.
2
Let h = 11 - 1. Let v = -36 - 4. Let m be -1*(-1)/((-2)/v). Calculate the greatest common factor of m and h.
10
Let k = 58 - 28. Suppose -2 = -2*i + k. Calculate the greatest common divisor of 2 and i.
2
Let y = -59 - -97. Let l be 0 + -3 + 60*1. What is the greatest common factor of y and l?
19
Let f(d) = -4*d**3 - d**2 + 4*d + 3. Let b be f(-3). Let i = 8 + 13. Suppose 2*q + 3*q = -3*a + 25, q + i = 2*a. Calculate the highest common factor of a and b.
10
Let m(l) = -l**3 - 4*l**2 + 3*l + 7. Let w(t) = -t + 2. Let k be w(7). Let q be m(k). Let v = q + -8. Calculate the greatest common divisor of 3 and v.
3
Let s = 185 + -128. Suppose -4*x + 4*v = -148, -48 - s = -3*x - 3*v. Let k be 0 + (1 + 0 - -8). What is the highest common factor of x and k?
9
Let y(c) = 1 - 2*c + 0 - 3 + 35*c. Let g = -14 - -16. Let h be y(g). What is the greatest common factor of 8 and h?
8
Suppose 5*n = 4*y - 68 - 5, y - 14 = -3*n. Calculate the highest common factor of y and 17.
17
Suppose -2*s - 3*s + 2*j = -184, -62 = -2*s - 5*j. Calculate the highest common factor of s and 24.
12
Let v = 115 + -69. What is the greatest common factor of v and 69?
23
Suppose -q - 3*x - x + 251 = 0, -3*x - 1140 = -5*q. Calculate the highest common factor of q and 21.
21
Let p be (-4)/10 + (-36)/10. Let c be p/6*-6*1. Suppose 4*l - 2*k = 34, c*l + 5*k - 35 = -l. What is the greatest common divisor of 24 and l?
8
Suppose 5*c - 147 = -22. Calculate the highest common divisor of 25 and c.
25
Let k = 4 + 1. Suppose -c = -k*z + 360, -2*c + c = -3*z + 216. Calculate the greatest common divisor of 8 and z.
8
Let l = 75 - 51. Calculate the highest common factor of l and 48.
24
Let s be (6 - (-92)/8)/((-1)/(-2)). Calculate the highest common divisor of 14 and s.
7
Suppose -26*g - 24 = -30*g. What is the greatest common factor of g and 54?
6
Let a be -1*((-3 + 5)*17)/(-2). Calculate the greatest common factor of 187 and a.
17
Let l = 146 - 121. Calculate the greatest common factor of 25 and l.
25
Suppose 2*w + 44 = 4*w. Let q(j) = 3*j - 1. Let a be q(1). Calculate the greatest common divisor of a and w.
2
Suppose 3*z = 5*d + z - 60, 5*d - 4*z - 60 = 0. Suppose 3*a - 84 = 6. What is the highest common factor of a and d?
6
Suppose -8*n - 17 + 145 = 0. What is the highest common factor of 40 and n?
8
Suppose 16 = m - q + 4*q, 2*q - 11 = -m. What is the highest common factor of 3 and m?
1
Let v be (-2)/(-11) - (-4616)/22. Suppose -3*m + v = -114. What is the greatest common factor of m and 18?
18
Let z = -179 - -26. Let c = 223 + z. Calculate the greatest common divisor of 28 and c.
14
Let w(g) = 5*g**2 + 5*g - 7. Let j be w(-6). What is the highest common divisor of j and 11?
11
Suppose 2*x + x - 36 = 0. Let v(m) = -11*m**2 - 2*m - 1. Let p be v(-1). Let t = p + 14. Calculate the highest common divisor of t and x.
4
Let r = 7 + -13. Let u(q) = -q**2 - 7*q - 6. Let y be u(r). Suppose 3*b = 3*f + 51, -2*b + f = -y*f - 31. Calculate the highest common divisor of 28 and b.
14
Let r = 19 + -9. Let n(g) = -7*g + 1. Let w(a) = -6*a + 2. Let y(o) = -7*n(o) + 6*w(o). Let z be y(5). Calculate the greatest common factor of z and r.
10
Let g = 14 + -11. Let y be 3*(46/6 - g). Let n be (8/6)/((-2)/(-84)). Calculate the highest common factor of n and y.
14
Let v = 92 - 80. Calculate the highest common factor of 4 and v.
4
Let r be 1*-1*(1 + -4). Suppose r*o = -l - 2*o - 21, -2*o - 30 = 4*l. Let d(g) = -11*g + 6. Let k be d(l). What is the greatest common factor of k and 9?
9
Let c(r) = 7*r**2 + 2*r + 1. Let k = -7 + 1. Let p be 0/(k/(-3)) + -1. Let b be c(p). What is the greatest common divisor of b and 2?
2
Let n(s) = 5*s**2 - 2*s - 17. Let 